u + 32 - 2*u + 28 - 28. Give i(-8).
-24
Let z(x) = 2*x**3 + x**2 - x. Let k(u) = -u**3 - 12*u**2 - 52*u - 626. Let o be k(-12). Calculate z(o).
-10
Let t(z) = 2*z**3 + 45*z**2 + 9*z + 46. Let x(p) = p**3 + 22*p**2 + 4*p + 23. Let u(o) = -3*t(o) + 7*x(o). Let i be ((-551)/145)/(1/5). What is u(i)?
4
Let b(j) = j**2 - 15*j + 30. Let p = 14446 - 14432. Determine b(p).
16
Let c(m) be the first derivative of -1/2*m**2 + 6 - 5*m. Calculate c(-3).
-2
Let l(m) = -13*m**3 - m**2 - m + 1. Let z(q) = 2*q**2 + 12*q - 13. Let d(s) = -8*s - 7. Let v be d(0). Let y be z(v). Determine l(y).
-14
Let p(v) = 2*v**2 - 12*v - 49. Suppose 3*r = 5*f + 33, -251*r + 252*r + 3 = -3*f. Determine p(f).
5
Suppose 3*c = 6*c - 21. Let f = 34 - c. Let j be (-2)/4*-1*(f + -25). Let m(a) = -a**2 + 1. What is m(j)?
0
Let i(v) = 5*v**2 + 34*v + 27. Let b(z) = -z**2 - 2906*z + 2898*z - 7 + 0. Let t(a) = -9*b(a) - 2*i(a). Determine t(6).
-3
Suppose -2*t - 2 - 6 = -5*f, 3*t = 4*f - 5. Let v(r) = -9*r - 5. Let q be v(-5). Let b(h) = -1 - 4*h - q*h**2 + 4*h + 38*h**2. Give b(t).
-3
Let t(w) = w**2 - 59072 - 59080 + 12*w + 177228 - 59088. Let s be 3*((-26)/6 + 0). Give t(s).
1
Let t(l) = 6 + l - 5*l**2 + 2*l**2 + 2*l**2 - 6*l. Suppose 3*s - 4*n - 24 = -2*n, 5*n - 55 = -4*s. Suppose s*h - 6*h = -20. Determine t(h).
6
Let d be ((-72)/312)/(66/(-143)). Let t(u) be the second derivative of d*u**3 - 42*u - 5/2*u**2 - 1/20*u**5 + 0 - 1/3*u**4. What is t(-4)?
-17
Let m(s) = -7*s**3 - 3*s**2 - s. Suppose 19*t + 28 = -28 + 18. Determine m(t).
46
Let v(g) = -11*g**3 + 90*g**2 - 52*g - 63. Let l(b) = -18*b**3 + 149*b**2 - 87*b - 105. Let c(q) = -8*l(q) + 13*v(q). What is c(21)?
0
Let d(j) = 101 + 98 - 289 + 118 + 15*j. Let f(y) = -8*y - 14. Let r(x) = 6*d(x) + 11*f(x). Give r(-6).
2
Let i(s) = -s**2 - 5*s + 6. Suppose 0 = -77*r + 81*r - 60. Let o be (-235)/25 - -3 - 9/r. Determine i(o).
-8
Let i be ((-17)/(-34))/((-1)/(-2))*3. Let x(c) = -198*c**2 - i + 5 + c - 3 + 174*c**2. Determine x(1).
-24
Let i(m) = 2*m**3 + 16*m**2 + 211*m + 1374. Let a be i(-7). Let b(g) = g**3 + 39*g**2 + 172*g - 5. Give b(a).
-15
Let m(x) = 52 - x**3 - 3*x + 3*x - 2*x - 48 + 5*x**2. Suppose 0 = -170*k + 164*k + 30. Give m(k).
-6
Let d(b) = -2*b**3 + 23*b**2 + 3*b - 22. Let w(v) = -v**3 + 11*v**2 + v - 11. Let f(p) = 5*d(p) - 11*w(p). What is f(6)?
35
Suppose 30*k + 28 = -2. Let q(c) = -7*c - 2. Determine q(k).
5
Let c(j) = 33*j - 100. Let q(w) = 435*w + 2613. Let t be q(-6). Calculate c(t).
-1
Let l(q) be the first derivative of -q**4/4 + 5*q**3/3 - 3*q**2 + 2*q - 3. Let n = -5381 + 5385. What is l(n)?
-6
Let c(p) be the second derivative of 15*p + 1 + p**2 - 2/3*p**3 - 1/20*p**5 - 7/12*p**4. What is c(-6)?
-10
Let i(k) be the first derivative of k**3/3 - 13*k**2 - 163*k + 68. What is i(31)?
-8
Let d(m) be the second derivative of -m**5/40 - 5*m**4/4 + m**3/6 + 3*m**2 + 31*m. Let r(j) be the second derivative of d(j). Calculate r(-12).
6
Let h(a) = 13 - 24 + 2*a - 3*a - 2 - 3. Determine h(6).
-22
Let q(w) = w**3 - 2*w + 3. Let y(d) = -5*d**2 - 27*d - 25. Let u be y(-1). Give q(u).
-18
Let x(b) = 3*b + 6. Let z = -186 + 183. Let r(i) = -4*i - 5. Let q(k) = z*x(k) - 2*r(k). What is q(6)?
-14
Suppose 0 = -4*k - 5*i - 3, -k - 27*i + 18 = -32*i. Let b be (-10 - (-12)/k)/(-1 - 1). Let n(x) = -2*x**2 + 6*x - 6. Calculate n(b).
-6
Let k(f) be the third derivative of -f**6/60 - 3*f**5/10 - 5*f**4/8 + f**3 - 161*f**2. Let x be k(-8). Let a(o) = o**2 - 1. Calculate a(x).
3
Let s(b) be the second derivative of b**5/20 - b**4/3 - 2*b**3/3 + 7*b**2/2 - 47*b + 2. Suppose -2*c + 2*y - 3*y + 15 = 0, c - 5*y = -20. Calculate s(c).
12
Let g(h) be the third derivative of -h**6/360 + h**5/30 - h**4/4 + 70*h**3/3 + 34*h**2. Let v(l) be the first derivative of g(l). Calculate v(4).
-6
Let v(m) = m**3 + 4*m**2 + 2*m + 3. Let q = 86 + -80. Suppose j = q*j + 65. Let d be (-22)/(-143) + 1 + 54/j. What is v(d)?
6
Let a(b) = -330*b - 315*b + 649*b - 5. Determine a(6).
19
Let w(a) = -2*a + 2. Let d(b) = -14*b + 240. Let s be d(17). What is w(s)?
-2
Let u(g) = -71*g**2 + g + 44*g**2 + 19 - 18*g**3 - 16 + 23*g**2. Calculate u(1).
-18
Let o(i) = 12*i**3 + 25*i**2 + 39*i + 23. Let z(g) = 5*g**3 + 13*g**2 + 19*g + 12. Let d(r) = -3*o(r) + 7*z(r). Determine d(17).
-2
Suppose 164*t = 156*t + 32. Let a(v) = v**2 - t - v + v**3 - 2 + 7. Calculate a(0).
1
Let f(h) = 2*h - 2 + 2 + 4 - 2. Let l(p) = 13*p. Let x be l(1). Suppose 0 = -5*g + u - x, 0 = -2*g - 0*g - 2*u - 10. Determine f(g).
-4
Let m(k) = 4*k**2 - 4*k**2 - 59*k + 2*k**2 + 142*k - 58*k. Give m(-13).
13
Suppose -3*q + 2*q = 0. Suppose d + 51 - 48 = q. Let o(k) = -k. Let r(t) = 3*t - 5. Let m(y) = -4*o(y) - r(y). What is m(d)?
2
Let f be (54/(-15))/(-3)*10/(-4). Let j(k) be the first derivative of -9 + k**2 - k**3 - 1/4*k**4 + 3*k. Give j(f).
-3
Suppose 2*a = 11*a - 90. Let y(l) = -3*l - 5*l + a*l + 3 + 12*l. Give y(-2).
-25
Let b(k) be the second derivative of k**4 - k**3/6 - k**2/2 + 9*k. Let f be 0*((-21)/9)/7. Suppose 3*q - 6 = -v - 2*v, -5*v + 4*q - 17 = f. Give b(v).
12
Suppose -9*m = -6*m - 9. Suppose m*n = 5*t - 16, 12*t - 8*t - 14 = 2*n. Let z(r) = -3 - r + r**3 + 3 - 3*r**2. Calculate z(n).
-3
Let f = 549 - 553. Let o(n) = 10*n + 20. Give o(f).
-20
Let i(m) = -32*m**2 + 66*m - 113. Let r(p) = 9*p**2 - 22*p + 38. Let y(w) = -2*i(w) - 7*r(w). Determine y(-19).
-97
Let l(o) be the first derivative of 3*o**4/4 + o**3/3 + o**2 + o + 7598. Determine l(-1).
-3
Let q(g) = -167*g - 8. Let r(i) = 126*i + 5. Let p(z) = -3*q(z) - 5*r(z). Give p(1).
-130
Let a(h) = 2*h - 68. Let q be 4/(-82) + 117504/8364. Give a(q).
-40
Let n(u) = -u**3 + 8*u**2 - 7*u - 4. Suppose 4*l + 0 - 316 = 0. Let o = l - 131. Let z = 59 + o. What is n(z)?
-4
Let m(c) = 8*c - 13*c**3 - 9*c**3 - 12*c**3 - 13*c**2 + 30*c**3 - 2 - 6*c**2. Let p(x) = -x**3 - x**2 - x. Let f(a) = m(a) - 5*p(a). Give f(13).
-2
Let h = -4 - -2. Let z(s) = s - 2. Let g be z(4). Let d(y) = -g*y**3 - 2 - 3*y**3 - 3*y**2 - 2*y + 4*y**3 + 2*y**3. What is d(h)?
-18
Let z(p) = -p**2 + 30*p - 51. Let g be z(2). Let y(a) = -a**3 + 4*a**2 - 3*a - 1. What is y(g)?
-41
Suppose 0 = 4*s + j - 172, -2*j + 172 = 4*s + j. Let t = s + -38. Suppose 3*w + 0*o + 3*o + 9 = 0, -12 = 4*w - t*o. Let f(m) = 2*m**2 - m - 3. Determine f(w).
18
Let t(k) be the third derivative of -k**5/30 + 5*k**4/24 - k**3/3 + 26*k**2. Let b be 2*(5 + 0)*38/95. What is t(b)?
-14
Let x(q) = -q + 2. Suppose 25*w - 28*w = -3. Let v(n) = 16*n - 16. Let u be v(w). Calculate x(u).
2
Let g(z) be the second derivative of -z**3/2 + 10*z**2 + 54*z. Let a(t) = -6*t + 40. Let x(c) = -2*a(c) + 5*g(c). Give x(8).
-4
Let n(h) be the third derivative of -h**6/10 + h**5/60 + h**4/12 + h**3/6 - 3614*h**2. Suppose -3*o - 5*f + 15 = 2*o, -2*f = 4*o - 4. Calculate n(o).
12
Let i(m) = 11*m + 176. Let h = -10236 - -10221. Calculate i(h).
11
Let x(b) = -130*b - 42. Let y(t) = -279*t - 82. Let i(z) = 15*x(z) - 7*y(z). Calculate i(19).
1
Let z(b) = 179*b + 1. Let o be z(0). Let l(j) = -9*j + 7. Calculate l(o).
-2
Let m(i) = -i - 9. Let r(j) = -5*j - 4. Let y(s) = -6*s - 3. Let o(h) = 5*r(h) - 4*y(h). Let w(u) = -6*m(u) + 7*o(u). Let x = -1126 + 1129. What is w(x)?
-5
Let d(l) = 19*l + 103. Let f be (-20)/(-560)*-24*7. What is d(f)?
-11
Let p(d) = -d**3 - 6*d**2 - 2*d - 2. Let a(w) = -w**3 - 10*w**2 + 2 + 11 - 15*w + 1 + 16*w - 8. Let n = 1 + -11. Let b be a(n). Calculate p(b).
-26
Let p(c) = 7*c - 318. Let j = -1675 - -1721. Give p(j).
4
Let v(o) be the third derivative of o**6/360 + o**5/60 + o**4/4 + 137*o**3/6 - 63*o**2. Let r(q) be the first derivative of v(q). Calculate r(-4).
14
Let i(a) be the first derivative of a**2/2 - 3*a + 1. Suppose -7593*r = 5*z - 7594*r - 37, 4*z - r = 28. Determine i(z).
6
Let n(l) = -10*l - 1. Let w be (3 - 2) + -4 + 3. Suppose -32 = -4*z - w*z. Suppose -5 = -3*o + z*o. Give n(o).
9
Let s(j) be the first derivative of -3*j**3 + j + 35. Let p be (1 + (-1 - -1))*2. Suppose -p*o + 7 = 5. Determine s(o).
-8
Let s(i) be the second derivative of -3*i**5/20 + i**4/4 - i**3/2 + 6*i**2 - 2903*i. Calculate s(2).
-6
Let l(y) be the third derivative of -y**6/120 - 13*y**5/60 + 3*y**4/4 + 19*y**3/6 - 4379*y**2. Calculate l(-14).
-37
Suppose 3*v = 3*h + 3, -48*v + h + 13 = -45*v. Let g(f) = 2*f**2 